/3 + f)*(-264)/(-28)?
2, 3, 11
Suppose 0 = -0*n - 4*n + p - 54, 3*n + 2*p = -35. Let m = -11 - n. Suppose -5*i = 2*a - 251, -m*a = -5*i - 0*i + 259. List the prime factors of i.
3, 17
Let f = 1424 + -881. List the prime factors of f.
3, 181
Suppose 0 = -3*u - 5*o + 316, 0*u + 3*o - 516 = -5*u. Suppose -71*q = -74*q + u. What are the prime factors of q?
2, 17
Let k = 3401 - 1669. What are the prime factors of k?
2, 433
Suppose 4*b = 784 + 780. List the prime factors of b.
17, 23
Suppose 20*k - 27*k = -1001. What are the prime factors of k?
11, 13
Let z be -3 - (2/(-1))/(-2). Let h be (-16)/(-20)*(-30)/z. Let i(n) = 4*n + 13. List the prime factors of i(h).
37
Let f(y) = -9*y**2 - 2*y - 1. Let q be f(-1). What are the prime factors of 429/6 - q/16?
2, 3
Suppose 4*d - 4*s - 511 = 69, 4*d - 616 = -5*s. What are the prime factors of d?
149
Let b(p) = -3*p + 9. Let u(y) = -7*y + 19. Let g(t) = 5*b(t) - 2*u(t). List the prime factors of g(-23).
2, 3, 5
Let f be 1/(18/(-4)) - 384/(-27). Suppose -150 = 4*v - f*v. What are the prime factors of v?
3, 5
Suppose 8*t + 0*t = 3640. Suppose -7*l + 12*l = t. Let i = l + -26. What are the prime factors of i?
5, 13
Let w be (-474)/(-30)*(-5)/(-2)*4. Suppose -4*u = -3*a - w, u + 4*a + 46 = 2*u. What are the prime factors of u?
2, 19
Let f(o) = -2*o + 58. Let m be f(12). Suppose 5*r - 3*p + 0*p = 0, -p = r. List the prime factors of r - -4 - m/(-2).
3, 7
Suppose -6*u = 4*l - 2*u - 28, -3*u + 9 = -l. Suppose 0 = n, g + 5*n = 4*g + l. Let m = 4 + g. List the prime factors of m.
3
Let f be 3 + (-10 + (3 - 1) - 2). List the prime factors of -4 + f/((-14)/246).
7, 17
Let w(y) = y**2 + y + 1. Let t(u) = 11*u**2 - 52*u - 11. Let z(l) = t(l) - 6*w(l). What are the prime factors of z(16)?
5, 67
Suppose 0 = -4*y + 3*y + 5*o + 998, -3*o + 3923 = 4*y. Let h = 523 - y. List the prime factors of h/(-36) - 6/(-27).
13
List the prime factors of 3540591/810 + (6/(-20))/3.
3, 31, 47
Suppose -2*j - 307 = -1201. List the prime factors of j.
3, 149
Let t(l) = -12 - 11 - 7*l + 6 + 0. What are the prime factors of t(-12)?
67
Let f(r) = r**3 + 4*r**2 - 3*r + 656. What are the prime factors of f(0)?
2, 41
Let h(s) = -30*s + 28. List the prime factors of h(-20).
2, 157
Let l = 502 + -348. Let c = -91 + l. List the prime factors of c.
3, 7
Let c(f) = -f**3 + 15*f**2 + 16. Let o be c(15). Suppose 0*a = 5*a - 150. What are the prime factors of o/(-5)*(-75)/a?
2
Suppose -88 + 106 = 2*w. Suppose 4*z = w*z - 1305. List the prime factors of z.
3, 29
Suppose 21 = -5*j + 71. Suppose 3*p - 1 + j = 0. Let q(f) = f + 6. List the prime factors of q(p).
3
Suppose -36130 = -33*x + 2744. List the prime factors of x.
2, 19, 31
Suppose a + 5305 = 3*z + 2*a, 6*a = -z + 1757. List the prime factors of z.
29, 61
Suppose -3*o - 2*o = -25. Suppose -3*d = -d - o*b + 17, 5*b = d + 21. Suppose j + j + d*f = 26, -2*f + 18 = 2*j. What are the prime factors of j?
5
Suppose 70*g = 65*g + 1225. What are the prime factors of g?
5, 7
Suppose u - 71 = -y, -2*u - 11 = -2*y - 161. Let c = u + -30. Suppose -c = -4*b + 21. List the prime factors of b.
2
Suppose 0 = 5*h + 4*b - 7948, 14*b + 4762 = 3*h + 13*b. List the prime factors of h.
2, 397
Let f = 43 + -39. Suppose -2 = 4*i - 14, p + f*i - 125 = 0. What are the prime factors of p?
113
Suppose -3*g + 15 = 5*i, -2 = 3*g + 13. Suppose -a = -i*x + 3*x + 128, 0 = 2*x - 4*a - 92. What are the prime factors of x?
2, 3, 7
Suppose 5*q = 37 + 33. Let r be ((-56)/q)/((-4)/46). Let i = -31 + r. List the prime factors of i.
3, 5
Suppose -s - s = -280. Suppose 0 = -7*d + 11*d + s. Let l = d - -59. List the prime factors of l.
2, 3
Let z be -3*(1 + -1 + -1). Suppose -40 = -5*b + 4*t, 2 = 3*b - t + z*t. Suppose -b*k = -70 - 70. What are the prime factors of k?
5, 7
Let g(b) = -b**2 - 15*b - 13. Let y be g(-14). Suppose 4*r - y - 7 = 0. Suppose 5*q - 125 = -r*z, z - 3 + 89 = 3*q. What are the prime factors of q?
3
Suppose 0 = -a + 3*a - 126. Suppose -4*r + 65 = y, -3*y - a = -3*r + y. Let u = -7 + r. What are the prime factors of u?
2, 5
Let p = 32 - 67. Suppose -u = -3*s - 55, 291 = 5*u - 0*u + s. Let v = p + u. List the prime factors of v.
23
Let l = 568 + -286. List the prime factors of l.
2, 3, 47
Let p(d) = -12*d - 4 - 5 + 1 + d**2. Let n be p(13). Suppose 2*x + 4*b - 24 = -2*x, -n*x + 10 = -5*b. What are the prime factors of x?
2
Let z(r) = r + 8. Let h be z(-2). Suppose h*v - 304 = 626. What are the prime factors of v?
5, 31
Suppose 4*x + 4*t - 9 - 7 = 0, 2*t - 20 = -5*x. Suppose -x*v + 15 = -1. Suppose -y - 187 = -i - v*i, -143 = -4*i + 3*y. List the prime factors of i.
2, 19
Let n(k) = k**3 - 42*k**2 + 14*k + 388. List the prime factors of n(42).
2, 61
Let t = -15 - -19. Let v be (1 + -1 - -30)*(-1 - -2). Suppose t*w - n - v = 0, 0*w + 5*n = 5*w - 30. What are the prime factors of w?
2
Let t = -544 + 2351. What are the prime factors of t?
13, 139
Let c(r) = -2*r - 2. Let p(t) = t - 5*t**2 + 1 + 7*t**2 + 5*t**3 - 1. Let u be p(-1). What are the prime factors of c(u)?
2, 3
Suppose 27*k - 21964 = 8*k. List the prime factors of k.
2, 17
Let p(f) = -6*f**2 - 2*f - 4. Let y be p(3). What are the prime factors of (-1)/10*y*10?
2
Let d(j) = 8*j**3 + 3*j**2 - 21*j - 2. What are the prime factors of d(3)?
2, 89
Let x(o) = -8*o + 12. Let g be x(-9). Suppose q + 2*q = g. Let m = q + -14. What are the prime factors of m?
2, 7
Let d(l) = -l**3 - 2*l**2 + 31*l + 73. List the prime factors of d(-13).
11, 139
Let p be (4 - (1 - 1)) + (-11 - -10). Suppose 2*g + 3*f = 426, -g + 645 = 2*g + p*f. What are the prime factors of g?
3, 73
Let r = 6972 + -4022. What are the prime factors of r?
2, 5, 59
Let g be (-3 - 1)*30/(-40). What are the prime factors of 7/((g + -1)/6)?
3, 7
Let z be (-1 - -3)/((-4)/(-14)). Let m = z - 3. Suppose -2 = -m*g + 10. List the prime factors of g.
3
Suppose -2*z = -436 - 678. List the prime factors of z.
557
Let h be (21 - (5 + -1)) + 4. Let l = -1 - h. Let u = 14 - l. List the prime factors of u.
2, 3
Let g(u) = 15*u**3 + 1. Let p be g(1). Suppose -r + 5*r = p. List the prime factors of r/(-18) + (-505)/(-45).
11
Suppose -15*d + 4730 = -9790. What are the prime factors of d?
2, 11
Let h(v) = -v**2 - 1. Let w(f) = -2*f**2 - 2. Let r(u) = -5*h(u) + 2*w(u). What are the prime factors of r(-7)?
2, 5
Let m(s) = 12*s - 11. Let x(a) = -12*a + 11. Let c(w) = -2*m(w) - 3*x(w). Let g be c(12). What are the prime factors of g/(-21)*(1 + -4)?
19
Let z(s) = -s - 9. Let u(w) = w**3 - 6*w**2 - 10*w + 10. Let a be u(7). Let t be z(a). Suppose 3*v + 2*f - 38 = 0, -v + f + 9 = -t. List the prime factors of v.
2, 3
Suppose -3*k = -2*z + 10, 0 = -3*z - 0*k + 2*k + 10. Suppose -o = 2*p - z - 3, 4*o - 4*p = -16. What are the prime factors of ((-2)/(-4))/(o/(-58))?
29
Suppose p = -3*p - 8, -5*m - p = -13. Suppose 3*n + a = 5*n - 36, -4*a + 43 = m*n. What are the prime factors of n?
17
Let k = 1429 + -178. List the prime factors of k.
3, 139
Let x(i) = 91*i**2 + i + 1. Let n be x(-1). Let v = n - 48. What are the prime factors of v?
43
List the prime factors of 202*((-147)/(-6) - (-15)/3).
59, 101
Let k = 972 + -650. List the prime factors of k.
2, 7, 23
Let p = 10 - 20. Let c = p - -10. Suppose 2*o - 2*a - 96 = c, 5*a - 224 = -5*o + 2*a. What are the prime factors of o?
2, 23
Suppose 2*x - 904 = 10*j - 12*j, 5*j - 20 = 0. What are the prime factors of x?
2, 7
Let w = -2552 + 5407. List the prime factors of w.
5, 571
Suppose -6*h + 3*h = -4*q - 24, 4*h + 2*q = 10. Suppose h*d - 213 + 13 = -4*j, d - 70 = 3*j. List the prime factors of d.
5, 11
Suppose 7 - 1 = 3*z. What are the prime factors of z/(-4) + 0 - (-2706)/12?
3, 5
List the prime factors of 10 - -458 - (-1 + -1).
2, 5, 47
Let p = 1943 - -1048. What are the prime factors of p?
3, 997
Suppose 0 = -10*m - 2322 + 6172. What are the prime factors of m?
5, 7, 11
Suppose -14*t + 6838 = -t. What are the prime factors of t?
2, 263
Suppose 0 = -2*v - 2*v. Suppose -9*u - 4 = -11*u. Suppose -t - 2*j + 32 = u*t, v = -3*t - 4*j + 28. What are the prime factors of t?
2, 3
Let j(w) = -368*w + 86. List the prime factors of j(-2).
2, 3, 137
Let b = -31 + -53. Let c = b - -159. List the prime factors of c.
3, 5
Suppose -106 = -h - 5*v + 57, 767 = 4*h - 3*v. Suppose h = -4*t + 5*u, -5*u - 116 = 2*t - 22. 